/2. Let f = p - -7. Suppose -3*d - 2*d + 4*w = -267, 2*d = f*w + 117. Is d prime?
False
Let p(r) = -5*r**2 - 3*r - 1. Let y(c) = -5*c**2 - 4*c. Let f = -10 - -5. Let d(x) = f*p(x) + 4*y(x). Is d(-4) prime?
True
Suppose 4*x - 1338 = -2*x. Is x a prime number?
True
Let k = -8 + 38. Let v = k - 16. Is v a prime number?
False
Let x(c) = 8*c**3 + 16*c**2 - 7*c - 5. Let y(m) = -3*m**3 - 5*m**2 + 2*m + 2. Let h(v) = 4*x(v) + 11*y(v). Is h(7) composite?
True
Suppose y + 5186 = 3*q, -3*q + 3*y = q - 6923. Is q prime?
False
Let g = 4 + -11. Let z(c) = -26*c - 7. Let n be z(g). Suppose -i = -2*o - 35, -5*i - o = 2*o - n. Is i a prime number?
False
Let f(t) be the first derivative of 7*t**3/3 + 4*t**2 - t - 1. Is f(-6) a prime number?
False
Let j be ((-2)/(-4))/((-3)/(-516)). Suppose 0*h + j = 2*h. Is h composite?
False
Is 1 + -2 + (4 - -320) prime?
False
Let q be (-5)/((-2)/(0 - 18)). Let x = -26 - q. Is x a composite number?
False
Let a(d) = 4*d**2 - 2*d - 2. Let k be a(3). Let p = k - -9. Is p composite?
False
Suppose -6 = -m - 4. Is (59/2)/(1/m) a prime number?
True
Let o(i) = i**2 + 1. Let f be o(0). Suppose b + f = 6. Suppose -g = 5, 4 + 0 = -u - b*g. Is u prime?
False
Let l = 1875 + 98. Is l a composite number?
False
Let a be 28 + (0 - (-3 + 0)). Suppose -4*l - a = -267. Is l a composite number?
False
Let x be ((-5)/(-10))/((-1)/(-4)). Suppose 3*o + 2*v = -0*v + 533, -o - x*v = -175. Is o a prime number?
True
Suppose 3*o + 0*o - b = 273, 2*b = 0. Is o prime?
False
Suppose 3*h - 3879 = -4*v + 5419, 4640 = 2*v - 3*h. Is v prime?
False
Suppose 2*z - 15 = 5*x, -5*z - 8 + 20 = -4*x. Suppose z*u = -2*u + 3*i + 233, 599 = 5*u - 2*i. Is u a prime number?
False
Let d = 4 - 18. Suppose 4*m = -m + 135. Let l = m + d. Is l a composite number?
False
Let j(n) = n**3 - 8*n**2 + 5*n - 10. Let b be j(7). Let t be -18 + 2 - 2*-1. Let a = t - b. Is a composite?
True
Suppose -m = -1 - 4. Suppose 8*o - 111 = m*o. Is o a composite number?
False
Suppose -4*r + 3*x = -1, -x - 2 = 4*r - 7. Let y = 33 - -7. Let o = y - r. Is o a composite number?
True
Suppose 4*c = 2384 - 880. Let x = c - -43. Is x a prime number?
True
Let o = 29 + -21. Let j = -15 + o. Let p = j + 18. Is p a composite number?
False
Let r = -87 - -314. Suppose 0 = 2*l - r - 179. Is l a composite number?
True
Let b(o) = 52*o**2 + 1. Let c(l) = -l**2. Let d(r) = b(r) + 2*c(r). Let h be (2/2)/(1 + -2). Is d(h) a composite number?
True
Let x(b) = -22*b + 1. Let d(g) = -g + 1. Let a(s) = -2*d(s) + x(s). Is a(-18) composite?
False
Is (2/(-20)*-26084)/(4/10) prime?
True
Let t = 162 - -525. Suppose 12 - t = -5*x. Suppose -4*f + 156 = -3*v - 28, 3*f - 3*v - x = 0. Is f composite?
True
Suppose -4*s + 36 = j - 2*s, -j = 5*s - 24. Let t = 87 - j. Is t composite?
False
Let s(y) = -y**3 + 14*y**2 - 14*y - 7. Is s(12) a prime number?
True
Suppose f = -2*j - 0*j + 6, -32 = -4*j + 3*f. Suppose -38 - 72 = -j*p. Is p composite?
True
Let d = 2719 + -1728. Is d a prime number?
True
Let o = 2 - -1. Let r(u) = u**2 - 7*u**2 - u**o + 1 - u**3. Is r(-4) composite?
True
Suppose -5*z - 5*u - 15 = 0, z = 6*z + u - 5. Suppose -2*w + 176 = 5*l, z*l - 49 = l - 5*w. Is l a prime number?
False
Suppose -5*b + 838 = 4*w, 0 = w + 4 - 1. Suppose -k - 4*l = -34, 5*k + 0*l = -2*l + b. Is k a composite number?
True
Suppose 5*u + 3*c - 4*c = 64, 12 = u - c. Suppose 0 = -z + u + 52. Is z a composite number?
True
Suppose -490 = m + 4*m. Let f = m + 300. Is f a composite number?
True
Suppose 0*r = 3*r - 363. Is r composite?
True
Suppose 3 = 2*k + 1. Let c be -3 - (-2 - -3)*-1. Is k + 2 + c - -66 a prime number?
True
Suppose 0 = -0*a - 4*a - 12, a - 5 = -2*b. Suppose -5*t - 2*v - 6 = -t, -4*t - b*v = 0. Is ((-75)/9)/(1/t) a prime number?
False
Suppose -5*p = 4*b - 2, -4*p + 14 = -3*b - 0*b. Is (36 + -1 - b) + -2 prime?
False
Let l(w) = w**2 + 4*w - 35. Is l(9) composite?
True
Let a = 24 - -3. Suppose 2*j + 26 - 102 = 0. Let c = j - a. Is c a prime number?
True
Let m = -512 + 718. Let l = m - -53. Is l a composite number?
True
Let o(i) = -i**3 + 8*i**2 - i - 4. Let j be 9*(-1 + (-5)/(-3)). Let v be o(j). Suppose a - v = -15. Is a a composite number?
False
Let q(o) = o**2 + 2*o - 9. Suppose -5*n + 90 = -0*g + 4*g, n = -2. Suppose g + 14 = -3*b. Is q(b) a prime number?
False
Let v = -756 - -1075. Is v a composite number?
True
Let g(o) be the third derivative of o**5/4 + o**4/24 - o**3/6 - 3*o**2. Is g(-3) composite?
False
Suppose 0 = -3*w - 3*r - 3, -2*w - 17 = 4*r + r. Let y(p) = -w*p + 3*p + 1 + 5*p + p**3 + 7*p**2 + p**2. Is y(-7) prime?
False
Suppose 0 = -3*m + 4*m + 1. Let h(j) = 5*j**2 + j. Let a be h(m). Suppose -157 = -3*c + a*d, 5*d - 3*d = 3*c - 155. Is c a composite number?
True
Let i be 830/(-6) + 1/3. Let x = i + 237. Suppose v - x = -2*v. Is v prime?
False
Let g = 117 - 40. Suppose -i = -0*i. Let p = g - i. Is p prime?
False
Let f = -7 - -11. Let z(g) = 24*g - 2. Let s be z(f). Suppose -s = -2*m + 3*a, 89 = 4*m - a - 119. Is m a prime number?
True
Suppose 265 = -3*k + 4*k. Is k a prime number?
False
Let q be (-1 - -3) + 2*-1. Suppose 5*n - 3*k - 34 = 42, q = -5*n + 5*k + 80. Suppose 0 = 3*j - n - 13. Is j a composite number?
True
Suppose 1015 = 4*a + a. Is a composite?
True
Suppose -5*o + 0*z = 3*z - 24, 28 = 4*o - 2*z. Is o + 1 + -1 + 1 a composite number?
False
Suppose -4239 = -0*b - 9*b. Is b a prime number?
False
Let p = 40 - 66. Is (p/3)/((-9)/27) prime?
False
Let g(w) = 1151*w**2 + w + 1. Is g(-1) a prime number?
True
Is (2/(-4))/((-4)/1640) prime?
False
Let l(u) = 10*u**2 + 53*u + 52*u - u**3 - 112*u - 8. Suppose 4*b - 27 = b. Is l(b) prime?
False
Suppose -2 + 4 = o. Is (5 - 7)/(o/(-37)) composite?
False
Suppose 0 = d - 17 - 42. Is d prime?
True
Let n(w) = 562*w**2 + 1. Is n(1) a composite number?
False
Suppose 765 = 5*z - 0*z. Let d = z + -89. Suppose d = f - 147. Is f a prime number?
True
Suppose 0*o + 4*o = 764. Is o a composite number?
False
Suppose 0*j = j - 419. Is j a prime number?
True
Suppose 0 = -2*v + 1763 + 3959. Is v composite?
False
Let y be 7/(-2)*4/2. Let j(p) = -5*p + 8. Is j(y) a composite number?
False
Suppose -4*x - 2*o = -0*x - 4286, -4*o + 4280 = 4*x. Is x prime?
False
Suppose t = 3*x - 10, 0 = -5*x + 2*t - 0*t + 16. Suppose 4*k - 69 = -y, -k + 322 = 5*y - x*k. Is y a composite number?
True
Suppose 4322 = 4*k - 3*c + c, 0 = 2*k - 4*c - 2158. Is k a prime number?
False
Let w(a) = 76*a**2 - 8*a + 9. Is w(4) a prime number?
True
Let b = 2431 - 1722. Is b prime?
True
Let y(f) = 122*f - 1. Is y(3) prime?
False
Suppose -3*y = -m - 102, -7*m - 536 = -2*m - 2*y. Is (-1)/(2/m) - -1 composite?
True
Let a = 75 + -52. Is a prime?
True
Suppose -3*r - 15 = 2*r. Let c be r/(-4) - (-3)/(-4). Suppose c*h = h - 6. Is h prime?
False
Suppose -3*b - 7 = -2*z, b + 5 = 3*z - z. Suppose -99 = -s - z*a, 0 = -5*s + 3*s + 3*a + 191. Is s a prime number?
True
Suppose 4*c + 2*s - 1556 = 0, 0*s - 1568 = -4*c + s. Is c a prime number?
False
Suppose 3*l + 3*j - 3246 = 0, 5*j + 1076 = 5*l - 4*l. Is l a prime number?
False
Let p = 459 + -56. Is p a prime number?
False
Suppose 2 = -2*x - 0. Is 2/x - -5 - -80 prime?
True
Let x = 153 - 76. Is x composite?
True
Suppose 4*j - 10 = -j. Suppose -4*u + 10 = -j*u. Is (-460)/(-25) + 3/u a composite number?
False
Let d be 3/(9/(-24)) + 3. Let z = -3 - d. Is 108 + z + -1 + 0 prime?
True
Suppose -4*i - 801 = -7*i. Is i a prime number?
False
Let m(n) = -25*n. Suppose -z = z - 2. Let o be m(z). Is (-3965)/o - 2/(-5) a prime number?
False
Let i be (-1149)/(-18) + (-3)/(-18). Suppose -i - 84 = -4*a. Is a a prime number?
True
Suppose 5*f = 5*n + 430, 0*f + 5*f = -5*n + 440. Is f prime?
False
Let m(f) = f**3 + 6*f**2 - 2*f - 9. Let t be m(-6). Suppose 2*y + t = -5. Let z = y - -18. Is z a prime number?
False
Suppose 0*l + 2*l + 5*t = 27, 3*t = l - 30. Is l a prime number?
False
Let l(c) = -9*c - 14. Let q(j) = 7*j + 3. Let n be q(-2). Is l(n) composite?
True
Let m = -57 + 506. Is m a composite number?
False
Is ((-394)/5)/(5/(-25)) a prime number?
False
Let n = 238 - 35. Is n prime?
False
Let u be 2/(-3) - (-52)/(-12). Let v(t) = -38*t + 5. Let x(s) = -13*s + 2. Let l(w) = 3*v(w) - 8*x(w). Is l(u) composite?
True
Suppose 0 = 4*w + 3*p - 92, 0*w - p = w - 22. Is w a composite number?
True
Let j(n) = 166*n**3 + 